 3. Let f(r) = 2*r**2 - 2*r - 2. Calculate f(z).
2
Let n(w) = -14*w - 2. Let u(t) = -17*t - 1. Let g(z) = -6*n(z) + 5*u(z). Determine g(-7).
14
Suppose -5*k - 3 = 21*p - 23*p, -4*p = 2*k + 6. Let w(r) = r + 1. Calculate w(p).
0
Let m(r) = r + 3. Suppose p - 31 = -28. Suppose 0 = -p*z + 2*q + 2, 4*z - 2*q + 3*q = -1. Give m(z).
3
Let o(y) = -7 - 4*y**2 + 3*y + 3*y + 5*y**2. Let t = 142 - 149. Give o(t).
0
Let v be (-1)/(8/44 - (-20)/132). Let b(n) = -n + 2. Determine b(v).
5
Let f(s) = s**3 - 2*s**2 + 4*s + 2. Let y = 240 + -238. Give f(y).
10
Let n = -8 - -13. Let g(f) be the first derivative of -f**2/2 - f + 1488. Calculate g(n).
-6
Suppose 0*y + 9 = 3*y. Let d(g) = g**2 - 25*g - 29. Let t be d(18). Let n be y/(-12) + t/20. Let f(w) = -2*w - 12. What is f(n)?
4
Let z be (-23)/5 + (-34)/85. Let i(d) = d**3 + 5*d**2 + 2*d + 12. What is i(z)?
2
Suppose -5*n + 23 = 3*t - 47, -2*t + n = -64. Suppose -8*d + 5*d = -t. Suppose -3*x - 6 = 4*m + 14, 0 = -2*m - d. Let k(q) = q - 4. Calculate k(x).
-4
Let z(v) = 2 - v - 1 + 6. Let b(r) = -r**2 + 29*r + 301. Let j be b(37). Determine z(j).
2
Suppose 4*t + 3*l = 15, t + l + 4 = 8. Let b(m) = 2*m**3 + m**2 + 4*m - 2. Let c(p) = p**3 + p**2 + 4*p - 2. Let v(o) = -2*b(o) + 3*c(o). Determine v(t).
-8
Let y(w) = -w**2 - 12*w - 7. Let b = -990 + 984. Determine y(b).
29
Let f(a) be the second derivative of -a**5/20 - 11*a**4/12 - 4*a**3/3 - a**2 + 3*a + 2. Determine f(-10).
-22
Let v(r) = 16*r**2 - 8*r + 1. Let m(n) = 7*n**2 - 4*n. Let u(h) = -7*m(h) + 3*v(h). What is u(7)?
-18
Suppose 2*c - 9 = m, -3*m = -3*c + 1 + 14. Let v(z) = -z**3 - z**2 - 1. Let h(y) = y**3 + 6*y**2 - 2. Let j(u) = -h(u) - 2*v(u). What is j(c)?
4
Let y(r) = -r**3 - 4*r**2 - 2*r + 1. Let a = -185 - -182. Calculate y(a).
-2
Let s(n) = -8*n**2 + 3*n**2 - 2*n + 6*n**2. Suppose b + h = 0, -10*b = -11*b + 2*h + 9. Determine s(b).
3
Let a(n) = 2*n**2 + 2*n - 1. Suppose 3*g - 34 = 4*g. Let s = g - -32. What is a(s)?
3
Suppose 0 = 5*x - 15 - 20. Let a(l) = -1 - 2*l + 5*l - x*l. Give a(-1).
3
Suppose 0 = 604*f - 602*f + 18. Let r(u) = u + 11. Give r(f).
2
Let d be 96/18 + 2/3. Suppose -5*j - 11 = -d. Let k(x) = 3*x**2 - x - 1. Let l be k(j). Let r(s) = 2*s**2 - 4*s + 4. Calculate r(l).
10
Let z be (-1)/(-2) + (-26)/(-4). Let y(w) = -7*w**3 + 2*w**2 - 9*w - 9. Let g(o) = -9*o**3 - 10*o - 10. Let s(j) = -3*g(j) + 4*y(j). What is s(z)?
1
Suppose -4*h + 17 = -127. Let x = h + -18. Let t(g) = -3*g**2 - 38*g + 1 + 21*g + 4*g**2 + x*g. Determine t(0).
1
Let h(a) be the first derivative of -a**4/4 + 2*a**2 + 2*a - 2. Let b(w) = -4*w - 2 + 2 + 2 - 1. Let c be b(1). Give h(c).
17
Let y(q) be the third derivative of -5*q**4/24 - q**3/3 + 83*q**2. What is y(3)?
-17
Suppose q + 4 = -3*q, 0 = -4*x - 2*q + 26. Let z(k) = -758 + 1506 - k - 755. Determine z(x).
-14
Let y(w) = -w - 10. Suppose -297*v = -314*v - 68. Determine y(v).
-6
Let z(v) = -v + 8. Let g be 4/((-48)/(-81)) + (-12)/16. What is z(g)?
2
Let z(x) = x**2 + 7*x - 1. Let o be ((-38)/(-19))/((-4)/(-114)). Suppose 5*i - 17 = -o. Determine z(i).
7
Let h(a) be the second derivative of 0 + a**3 + 1/2*a**2 + 8*a + 1/12*a**4. Give h(-4).
-7
Suppose w - t + 99 = 0, 2*w - 5*w - 2*t = 272. Let a be w/(-18) + (-6)/27. Let y(q) = a*q + 2*q**2 - 3 - 5*q**2 + 2*q**2. What is y(4)?
1
Let f be (7 - 5) + -1*17/(-1). Let g(q) = -17*q - q**2 - 5 - f*q + 55*q - 15*q. Determine g(5).
-10
Let w(m) = m**3 + 13*m**2 + 28*m - 20. Let g be w(-10). Let i(u) = -u**3 + u**2 - u + 46. What is i(g)?
46
Let t be (-8)/(-52) - (-690)/78. Let s be (-2)/(6/t) + 1. Let d(o) = -o + 3 - 3 + 2. Determine d(s).
4
Suppose r - 4*y - 12 = 2*r, 0 = -r + 5*y + 6. Let j(x) = -2*x - 7. Determine j(r).
1
Let d = -9 - -8. Let b(j) = -9*j - 10. Let y(g) = -g - 5. Let o(r) = -b(r) + 2*y(r). Give o(d).
-7
Let p(t) = -4*t**3 + 15*t**2 - 4*t - 10. Let m(w) = -5*w**3 + 18*w**2 - 5*w - 9. Let b(y) = 5*m(y) - 6*p(y). Suppose -f = -3*f. Give b(f).
15
Let y(a) = 14*a**3 + 21*a**3 + 11 - 4*a**2 - a - 13 - 36*a**3. Determine y(-4).
2
Let c(d) be the first derivative of -d**4/4 - d**3 + d**2/2 + 2*d + 338. Give c(-4).
14
Let p(i) = -i**3 - 5*i**2 - 5*i - 1. Suppose 4*h + 12 = -4*w, 5*h - 6*w + 2*w + 24 = 0. What is p(h)?
3
Let n(f) = -2*f + 5*f - 2*f + 11. Let p be n(-5). Let s(x) be the third derivative of -x**6/120 + x**5/10 + x**4/24 - 7*x**3/6 - 3*x**2. Determine s(p).
-1
Let o(x) = -2*x**3 + 0*x**3 + 2*x + 8*x**3 + 4*x**2 - 1 + 0*x**3 + 2*x**3. Give o(-2).
-53
Let p(r) = 2*r + 76. Let x be p(-33). Let l(z) = -3*z + 39. Give l(x).
9
Let g(v) = -v**3 + v**2 - 2*v + 2. Let f be (2/(-4) + -1)*28/(-21). What is g(f)?
-6
Let a(k) be the second derivative of -k**3/2 - k**2/2 - 99*k. Calculate a(3).
-10
Suppose -4*u = -5*z - 21, -3*u + 3*z + 6 = -12. Let h(b) = -b + 6 + 5 - u. Suppose -4*j - 16 = 5*r, 5*r + j + 0*j + 4 = 0. What is h(r)?
2
Suppose 4*c + 4 = -2*m - m, -20 = 5*c. Suppose 4*b + 12 = 0, 2*w - 4*b - 3 = -3*b. Let j(k) = k**3 - 3*k + w - 3*k**2 + 7 - 1. Calculate j(m).
10
Let z(o) be the third derivative of -o**6/120 + o**5/2 + 5*o**4/4 + 25*o**3/6 + 15*o**2 + 20. What is z(31)?
-6
Let x(d) = d**3 - 5*d**2 - 7*d + 9. Let l be x(6). Suppose -107*a - 9 = -108*a. Let t(o) = a*o**2 - o**l - 13*o**2 + 2*o - o + 3. Calculate t(-4).
-1
Let w be 2/13 - 3060/(-390). Let p(f) = f**3 - 9*f**2 + 13*f - 9. Determine p(w).
31
Let p = 1489 + -1467. Let w(g) = -g**2 + 19*g + 72. Determine w(p).
6
Suppose -162 = 42*v + 48. Let i(b) be the second derivative of 2/3*b**3 + b + 0*b**2 + 1/12*b**4 + 0. Determine i(v).
5
Let x(m) = 6*m - 58. Let c be x(10). Let d(f) be the first derivative of 2*f**3 + 6*f + f**2 + 1/4*f**4 + c. Give d(-6).
-6
Suppose -7*o = -28*o - 273. Let t(s) = s**3 + 14*s**2 + 11*s - 15. Determine t(o).
11
Let k be (27 + -21)*(-1)/3. Let f be (6/(-5))/((-3)/15). Let j(l) = -l**2 - 3*l - 9. Let c(n) = -n**2 - 3*n - 8. Let z(q) = f*c(q) - 5*j(q). Calculate z(k).
-1
Let a(n) = n**3 + 3*n**2 + 4*n + 3. Let w be 1*(-11 + -2) - -4. Let z = 7 + w. Give a(z).
-1
Let u(a) = -2*a**2 + 2*a. Let z(i) = 6*i**2 - 13*i + 11. Let o(g) = 4*u(g) + z(g). What is o(-5)?
-14
Let s(z) be the second derivative of 4*z + 1/12*z**4 + 0 + 2/3*z**3 - 2*z**2. Suppose 0*k = 4*k + 16. What is s(k)?
-4
Let h(d) = 2*d + 3*d - 4*d + 7 + 0*d. Let t be (-1)/(-9)*6*21/(-2). Calculate h(t).
0
Suppose -125*o + 124*o + 2*m = 9, -o + 3*m - 11 = 0. Let j(z) = 5*z - 7. Calculate j(o).
-32
Suppose 5*k = -4*b + 66, -b - 6*k = -9*k - 8. Let m(s) = -s + 18. Determine m(b).
4
Suppose 0 = -4*w - 2*u + 5*u + 16, 2*w + 5*u = 8. Suppose q - 4*q = 3*c + 3, 20 = w*q - 4*c. Let b(g) = -7*g - 2. What is b(q)?
-16
Let s = -218 + 221. Let n(y) be the second derivative of -1/3*y**s + 9/2*y**2 + 6*y + 0. Determine n(6).
-3
Let d be (-2 - 0) + (3 - 5). Let r(j) = -2*j - 5. Let k be r(d). Let x(z) = -z**3 + z**2 + 3*z + 4. What is x(k)?
-5
Let o(f) = -f**3 - 8*f**2 - 9*f - 11. Let b(r) = r**3 + 7*r**2 + 8*r + 9. Let c(t) = 6*b(t) + 5*o(t). Calculate c(-3).
-19
Let k(o) = 7*o + 6. Let j(n) = 8*n + 7. Let r(q) = 5*j(q) - 6*k(q). Let s = 20 + -27. Let i be 0 - 4 - 0/s. What is r(i)?
7
Let k be 84/9 - (-1)/(-3). Suppose 7*a - 2 = k*a. Let o(b) = 3*b**3 + 2*b**2 + b. Determine o(a).
-2
Let o(u) = -10*u. Let b be o(1). Let q be (b/(-45))/((-2)/(-9)). Let g(k) = 6*k**3 - 2*k + 1. What is g(q)?
5
Let z(i) = -6*i + 30 - 7 - 22. Let g = 10 - 8. Determine z(g).
-11
Let y = -25 + 14. Let s = y + 11. Let t(z) be the second derivative of z**3/6 + z**2/2 - z. Calculate t(s).
1
Let c(w) be the second derivative of -w**4/12 + w**3/6 + 5*w**2 - w. Let r(j) = j**2 - 2*j + 5*j - j - 2 - j. Let q be r(1). Determine c(q).
10
Let z(k) = -k**3 - 2*k**2 - k. Let y be 1/(8/(-56)) - -5. What is z(y)?
2
Let w(o) = o + 1. Suppose 21 + 39 = 4*i. Suppose -f + i = -4*f. Determine w(f).
-4
Let u be (8 - -2) + 15/(-3). Let x(s) = -141 + u*s - 2*s + 142. Give x(-6).
-17
Let o(m) = -46 + 5*m + 124 - 56. Give o(-6).
-8
Let b(f) = 5*f - 4. Suppose 12 = -j + 8*o - 3*o, 5*j - 4*o = 3. Determine b(j).
11
Suppose -4*o + 3*s = -24, -5*s + 15 = 3*o - 3. Suppose -3*k - 3 = o. Let m = 0 - k. Let t(d) = d. Give t(m).
3
Suppose 0 = 6*s - 28*s - 44. Let h(y) = 2*y**2 + 3*y + 2. Determine h(s).
4
Let w(i) = 19*i - 9. Let x be w(3). Let v = -48 + x. Let h(r) = r**2